1?
119
What is the remainder when 154 is divided by 37?
6
Calculate the remainder when 1413 is divided by 1407.
6
What is the remainder when 500 is divided by 14?
10
Calculate the remainder when 309 is divided by 178.
131
Calculate the remainder when 747 is divided by 47.
42
What is the remainder when 126 is divided by 100?
26
What is the remainder when 558 is divided by 33?
30
Calculate the remainder when 102 is divided by 21.
18
Calculate the remainder when 1505 is divided by 52.
49
Calculate the remainder when 8915 is divided by 469.
4
What is the remainder when 1020 is divided by 334?
18
Calculate the remainder when 85 is divided by 62.
23
What is the remainder when 676 is divided by 40?
36
What is the remainder when 548 is divided by 54?
8
Calculate the remainder when 189 is divided by 95.
94
Calculate the remainder when 106 is divided by 97.
9
Calculate the remainder when 1245 is divided by 89.
88
What is the remainder when 1451 is divided by 54?
47
What is the remainder when 2092 is divided by 521?
8
Calculate the remainder when 1500 is divided by 189.
177
Calculate the remainder when 94 is divided by 20.
14
What is the remainder when 704 is divided by 143?
132
What is the remainder when 3214 is divided by 456?
22
Calculate the remainder when 103 is divided by 13.
12
Calculate the remainder when 232 is divided by 122.
110
Calculate the remainder when 42 is divided by 37.
5
What is the remainder when 5879 is divided by 30?
29
What is the remainder when 58 is divided by 5?
3
Calculate the remainder when 98 is divided by 20.
18
Calculate the remainder when 767 is divided by 12.
11
Calculate the remainder when 3107 is divided by 17.
13
What is the remainder when 1357 is divided by 44?
37
What is the remainder when 1328 is divided by 8?
0
What is the remainder when 219 is divided by 22?
21
Calculate the remainder when 10345 is divided by 3446.
7
Calculate the remainder when 31 is divided by 18.
13
What is the remainder when 334 is divided by 12?
10
Calculate the remainder when 5966 is divided by 51.
50
What is the remainder when 847 is divided by 19?
11
Calculate the remainder when 176 is divided by 14.
8
Calculate the remainder when 10202 is divided by 157.
154
What is the remainder when 1184 is divided by 79?
78
What is the remainder when 900 is divided by 53?
52
What is the remainder when 863 is divided by 20?
3
What is the remainder when 4631 is divided by 12?
11
What is the remainder when 30 is divided by 17?
13
Calculate the remainder when 848 is divided by 25.
23
What is the remainder when 305 is divided by 102?
101
Calculate the remainder when 724 is divided by 6.
4
What is the remainder when 56 is divided by 13?
4
Calculate the remainder when 173 is divided by 53.
14
What is the remainder when 101 is divided by 91?
10
What is the remainder when 155 is divided by 12?
11
Calculate the remainder when 3682 is divided by 28.
14
What is the remainder when 509 is divided by 15?
14
What is the remainder when 21 is divided by 5?
1
Calculate the remainder when 153 is divided by 46.
15
Calculate the remainder when 228 is divided by 222.
6
What is the remainder when 277 is divided by 40?
37
Calculate the remainder when 336 is divided by 87.
75
What is the remainder when 393 is divided by 135?
123
What is the remainder when 657 is divided by 94?
93
What is the remainder when 3476 is divided by 94?
92
Calculate the remainder when 83 is divided by 29.
25
What is the remainder when 79 is divided by 46?
33
Calculate the remainder when 215 is divided by 7.
5
What is the remainder when 51 is divided by 11?
7
What is the remainder when 518 is divided by 18?
14
What is the remainder when 106 is divided by 72?
34
Calculate the remainder when 134 is divided by 67.
0
Calculate the remainder when 212 is divided by 54.
50
Calculate the remainder when 18129 is divided by 14.
13
What is the remainder when 732 is divided by 16?
12
Calculate the remainder when 75 is divided by 60.
15
What is the remainder when 1594 is divided by 76?
74
What is the remainder when 9547 is divided by 12?
7
Calculate the remainder when 1294 is divided by 35.
34
Calculate the remainder when 3334 is divided by 474.
16
Calculate the remainder when 69 is divided by 58.
11
What is the remainder when 4444 is divided by 2222?
0
Calculate the remainder when 161 is divided by 41.
38
Calculate the remainder when 3167 is divided by 8.
7
Calculate the remainder when 656 is divided by 73.
72
Calculate the remainder when 112 is divided by 19.
17
What is the remainder when 17 is divided by 9?
8
Calculate the remainder when 5042 is divided by 29.
25
What is the remainder when 383 is divided by 98?
89
Calculate the remainder when 3598 is divided by 15.
13
What is the remainder when 76 is divided by 16?
12
Calculate the remainder when 56386 is divided by 74.
72
Calculate the remainder when 24611 is divided by 84.
83
Calculate the remainder when 194 is divided by 172.
22
Calculate the remainder when 1556 is divided by 10.
6
What is the remainder when 560 is divided by 110?
10
Calculate the remainder when 1649 is divided by 59.
56
Calculate the remainder when 378 is divided by 61.
12
What is the remainder when 155 is divided by 34?
19
What is the remainder when 63 is divided by 25?
13
Calculate the remainder when 687 is divided by 77.
71
Calculate the remainder when 542 is divided by 110.
102
What is the remainder when 3149 is divided by 14?
13
What is the remainder when 50 is divided by 8?
2
Calculate the remainder when 1433 is divided by 60.
53
Calculate the remainder when 585 is divided by 49.
46
What is the remainder when 877 is divided by 52?
45
What is the remainder when 1029 is divided by 103?
102
What is the remainder when 9338 is divided by 3109?
11
What is the remainder when 747 is divided by 92?
11
Calculate the remainder when 488 is divided by 14.
12
What is the remainder when 162 is divided by 44?
30
Calculate the remainder when 278 is divided by 7.
5
Calculate the remainder when 441 is divided by 13.
12
What is the remainder when 473 is divided by 219?
35
What is the remainder when 98 is divided by 16?
2
What is the remainder when 1333 is divided by 34?
7
What is the remainder when 100 is divided by 50?
0
Calculate the remainder when 6261 is divided by 101.
100
What is the remainder when 558 is divided by 70?
68
Calculate the remainder when 118 is divided by 46.
26
Calculate the remainder when 1793 is divided by 192.
65
Calculate the remainder when 173 is divided by 29.
28
Calculate the remainder when 732 is divided by 32.
28
Calculate the remainder when 175 is divided by 49.
28
What is the remainder when 188 is divided by 16?
12
Calculate the remainder when 475 is divided by 71.
49
What is the remainder when 17 is divided by 4?
1
Calculate the remainder when 340 is divided by 262.
78
What is the remainder when 5696 is divided by 184?
176
Calculate the remainder when 365 is divided by 94.
83
What is the remainder when 5805 is divided by 157?
153
Calculate the remainder when 986 is divided by 323.
17
What is the remainder when 64 is divided by 36?
28
What is the remainder when 729 is divided by 73?
72
Calculate the remainder when 345 is divided by 334.
11
Calculate the remainder when 54 is divided by 8.
6
What is the remainder when 217 is divided by 68?
13
What is the remainder when 79 is divided by 32?
15
What is the remainder when 6535 is divided by 87?
10
Calculate the remainder when 115 is divided by 55.
5
What is the remainder when 665 is divided by 24?
17
What is the remainder when 3082 is divided by 27?
4
What is the remainder when 945 is divided by 73?
69
What is the remainder when 86 is divided by 20?
6
What is the remainder when 342 is divided by 56?
6
What is the remainder when 216 is divided by 13?
8
Calculate the remainder when 2288 is divided by 144.
128
Calculate the remainder when 250 is divided by 24.
10
Calculate the remainder when 607 is divided by 8.
7
Calculate the remainder when 2592 is divided by 430.
12
What is the remainder when 334 is divided by 14?
12
What is the remainder when 300 is divided by 76?
72
Calculate the remainder when 3359 is divided by 240.
239
Calculate the remainder when 41 is divided by 31.
10
What is the remainder when 151 is divided by 36?